 = 0. Is m a prime number?
False
Let g be (1 - -6) + 144/48. Let t(s) = 256*s + 69. Is t(g) a composite number?
True
Let g be (5/(-10))/(2/12). Let a be g/(-1)*(-15812)/(-6). Suppose 2150 = -4*f + a. Is f a composite number?
False
Let k(f) = -28*f + 28. Let r be k(2). Is 8927 - (-7)/(r/24) a composite number?
True
Suppose d = -2, 3*j - d - 5872 - 34777 = 0. Is j prime?
False
Let o = 220309 + -102406. Is o prime?
False
Let v = 333 - 320. Let l(d) = 2*d + 11 + 10 + 8. Is l(v) a composite number?
True
Let x be (-63)/(-18)*(-4 + 2). Let m(l) = -l**3 - 8*l**2 - l - 6. Let z be m(x). Let g = 163 - z. Is g prime?
True
Suppose -b + 322 = 93. Let n(a) = -19*a - 4. Let z be n(-2). Let h = z + b. Is h composite?
False
Let j = -17092 + 60479. Is j prime?
False
Let c(l) = 312*l**3 - 2*l**2 + 17*l - 19. Is c(2) composite?
False
Let m(w) = 5 + 15 - 44 - 4*w. Let i be m(-6). Is 979 - i - (-3 - 1) a composite number?
False
Let l be (4 - 1) + (-96)/12. Is 5/(l/(-33504)) + 157 + -156 a composite number?
True
Let j(q) = 7972*q**2 - 18*q + 31. Is j(5) a composite number?
True
Let i(o) = 2*o**2 + 7*o - 11. Suppose 200 = 9*z - 5*z. Let r be (-2*(-6)/4)/(15/z). Is i(r) a composite number?
True
Let l = -5237 - -9060. Is l a composite number?
False
Let o be ((-4)/(-2))/(-1) - -3153. Let i = 256 + o. Is i a prime number?
True
Let n(r) = -5*r**3 - 16*r**2 - 11*r + 224. Let u(p) = 10*p**3 + 31*p**2 + 23*p - 448. Let c(b) = 7*n(b) + 4*u(b). Is c(18) composite?
True
Let f be ((-2306)/5)/(8/(-260)). Let j = f + -6632. Is j a prime number?
False
Let u(a) = -40*a**2 - 6*a + 39. Let z be u(-8). Let x = 3426 - z. Is x composite?
True
Suppose 5*p = -0*p + 25210. Suppose 2*i - 5042 = -2*w, 0*i - p = -2*i + 3*w. Is i a prime number?
True
Suppose -3*r + 8 = -r. Let k(f) = -54 - f + 61 + 35*f**2 - 6*f**2. Is k(r) a composite number?
False
Let a(s) = -9*s + 57. Let w be a(6). Suppose -12093 = -g + 2*p - 3818, 24833 = w*g - 2*p. Is g a prime number?
False
Let y = -1100 - -17178. Is y a composite number?
True
Let b = 3927 + -1904. Suppose x - b = 2728. Is x a prime number?
True
Suppose -42 = -5*a - 7. Let v = a + -5. Suppose 2*t - 3 = 1, -v*y + 4*t + 926 = 0. Is y composite?
False
Suppose 94*p - 32*p = 19*p + 12949579. Is p composite?
False
Suppose -2*t + 13 = 3*j, -t - 53*j = -55*j + 11. Let y = -407 + 1038. Is y + (-1 - -1)*(-2 - t) composite?
False
Let x be -2*(-5)/(-6)*-3. Is (-72)/120 - ((-52616)/x)/2 composite?
False
Suppose 9*k = 13*k - 5*n - 2818177, 1 = -n. Is k composite?
True
Is (-13)/(-221) + 5472954/153 a composite number?
False
Suppose 3*y - 4*y = -504. Suppose -m = -280 - y. Suppose -3*n - m = -2*a + 481, n = 2*a - 1263. Is a a composite number?
False
Let f(o) = o**2 - 3*o - 15. Suppose -24 = -6*n + 2*n. Let c be f(n). Suppose -2*q = 5*y + 3*q - 2365, -c*q = -12. Is y prime?
False
Let o(v) = -v**2 + 59 - 4*v**3 - 8*v**3 + 28*v - 6*v + v**3 + 10*v**3. Is o(-7) a prime number?
True
Let x be -38*(-5 - (-27)/6). Let n(w) = 2*w**3 + 18*w**2 - 83*w - 16. Is n(x) a composite number?
True
Suppose -54*l = -165*l + 7654893. Is l a prime number?
True
Let i(f) = 3*f**2 + 8*f + 7. Let c be i(-1). Suppose y + c*x - 4 = 0, -y - 4*y = -5*x - 5. Suppose -j + 5 = 1, -4*j = -y*n + 238. Is n composite?
False
Let n be ((-2)/3)/(-6 - (-70)/12). Suppose 5*h + 0*b - b = 12062, n*b = 12. Is h a prime number?
False
Suppose 2*z - 5*b - 5994 = 0, -5*z + 8765 + 6150 = 5*b. Is z a composite number?
True
Let k = -511109 - -955323. Is k a composite number?
True
Suppose 28218847 = 52*v + 20*v - 25*v. Is v a prime number?
True
Let u be 1/(7/(-63))*3/(-9). Is (-1 - (9 - 9)) + 1754*u a composite number?
False
Let k(o) = -1. Let g(r) = 22*r**2 - 7*r + 24. Let w(x) = g(x) - 2*k(x). Is w(-19) a prime number?
True
Is -12*7/(-28)*-1 + 6082 + -5 prime?
False
Suppose 0 = a - 53 + 57. Is (-7509 + 0)*((-28)/(-12) + a) a composite number?
True
Let g = 13 + -8. Suppose -g*f - 1544 = -43759. Is f a composite number?
False
Suppose -5*t - 300 = -11*t. Let a = t + -52. Is (509/(-2))/(a*1/4) a prime number?
True
Suppose -124*r = 121*r - 227*r - 187686. Is r a composite number?
False
Suppose 0 + 20 = 5*z - 4*w, -2*w = 2*z - 8. Let v(c) = 47*c + 15 + 25*c + 27*c + z*c. Is v(8) composite?
False
Suppose -5*m - 124487 = 4*w, 0*m - 3*m - 74707 = -5*w. Is (-4 + 5)*m/(-7) composite?
False
Suppose -46*b + 49*b + 3*u = 4565214, -4*u = 2*b - 3043490. Is b prime?
True
Suppose 4*b - 7*b + 9 = 0. Suppose 4*n - 15 = -b*o, 5*n - 2*o - 11 = 2*o. Suppose n*v = -3*x - v + 981, -2*x = -3*v - 671. Is x a composite number?
False
Suppose 49*p - 45*p = -224. Let a = p + 60. Suppose 1494 = 2*i + v, -757 = -i + v - a*v. Is i a composite number?
True
Let q = 263 - 257. Suppose -q*r = r - 13223. Is r composite?
False
Suppose 5*k = l + 1657719, -21 = 2*l - 13. Is k a composite number?
False
Let s(v) = -111169*v + 243. Is s(-2) composite?
True
Let n(y) = 51363*y**3 + y**2 - 2*y - 5. Is n(2) a composite number?
False
Suppose -4*b + 50*b = 2105868 + 6006830. Is b prime?
False
Suppose r + 3*r - 8 = 2*b, 28 = -5*b + 2*r. Is (3/(-15))/(b/(-555))*-194 prime?
False
Let v(w) = w**2 + 2*w - 24. Let x be v(6). Suppose x*t - 29*t = -17945. Is t a prime number?
False
Let g(k) = 57064*k + 9071. Is g(17) a prime number?
True
Suppose -4*x + 107604 = 2*a + 5536, a + 102068 = 4*x. Suppose -12*t + x + 124855 = 0. Is t a composite number?
True
Let y(h) = -2022*h**3 - 7*h**2 - 3*h + 3. Is y(-2) composite?
True
Let c = -102 - -103. Let t = 3 - c. Suppose -t*d + 1318 = -4884. Is d composite?
True
Let v = 49057 - 28007. Let h = -12143 + v. Is h a prime number?
False
Suppose 9809 = 5*g + 3*l, -5590 = -5*g + 4*l + 4198. Suppose -x = 5*o - 12069, 3*o - g - 5283 = -x. Is o prime?
False
Let s be (-7)/28*4 - -16. Suppose -s*p + 257940 + 349275 = 0. Is p composite?
True
Let x(w) = 1035*w**2 + 64*w + 123. Is x(-32) a composite number?
True
Let k = -19185 - -236542. Is k composite?
True
Let w(t) = -14*t - 15. Let l(i) = i**3 + 5*i**2 - 7*i + 7. Let h be l(-6). Let c be w(h). Let f = c - -336. Is f composite?
False
Suppose 2*g - j + 4*j = -8, 0 = 3*g - 2*j - 14. Suppose -2*c + 2*k = 0, 6 = g*c + k - 0*k. Let r(u) = 12*u - 5. Is r(c) prime?
True
Suppose 0 = -5*v - 5*i - 0*i + 9830, 5*v - 2*i - 9865 = 0. Let u(s) = 19*s + 5 - 97*s**2 - 17*s + v*s**2 - 3. Is u(-1) a composite number?
True
Suppose 36560 = 2*k - 22*h + 19*h, 2*k + 7*h - 36520 = 0. Is k a composite number?
True
Suppose 0 = 34*t - 23*t + 11. Is (-14418)/(-108)*(t/3 + 1) composite?
False
Is ((-243243 - 1)*153/(-204))/3 composite?
False
Let c(k) be the second derivative of 1187*k**3/6 + 35*k**2/2 + 61*k. Is c(4) a prime number?
True
Let i(p) = p + 10. Let y be i(-9). Let n(h) = -2181*h. Let g be n(y). Is g/(-15) + 2/(-5) composite?
True
Let z = 54713 + 230823. Suppose -41*p = -9*p - z. Is p a composite number?
False
Let o be (396/(-24))/11 - 20689/(-2). Let f = -4680 + o. Is f composite?
True
Let l(n) = n**3 + n + 1. Let r(d) = 17*d**3 + 9*d**2 + 10*d + 2. Let h(i) = -5*l(i) + r(i). Is h(8) a prime number?
False
Let h be (-3 - -10) + ((-2)/2 - 1). Suppose 0 = -5*s - 4*o + 1599, 2*o - 451 = h*s - 2074. Suppose -s = -5*l + 932. Is l prime?
True
Let r(k) = 4*k**3 + 26*k**2 + 121*k - 24. Let o(n) = 5*n**3 + 24*n**2 + 122*n - 24. Let b(m) = -5*o(m) + 6*r(m). Is b(35) a prime number?
True
Let f = -171262 - -394349. Is f prime?
True
Let n = 37 + 11. Let j = n + -45. Is -3*j*(3 - (-772)/(-36)) a composite number?
True
Let g(x) = -16*x - 39. Let b be g(-3). Is ((-3)/b)/((-1)/753) prime?
True
Suppose -110*g + 3756579 = -6125711. Is g a composite number?
False
Suppose 550 = 5*q - 5*m, q - m - 100 = -2*m. Suppose -124*r + 46493 = -q*r. Is r composite?
False
Suppose -134*w + 133*w = -20. Let k(i) = 57*i + 73. Is k(w) composite?
False
Suppose 3*c = 15*c + 5232. Let q = c + 743. Is q composite?
False
Suppose 2*n + p - 198 = -3*p, 3*p = 5*n - 508. Suppose 98*h = n*h + 84. Let a = h + 575. Is a a composite number?
False
Suppose 2*n + 4 = 4*a, -2*n - 4 = 4*a - 6*n. Suppose -a*q = -4441 - 1028. Is q a prime number?
True
Let y be 3189/(3*3/6). Suppose 943 + y = 9*j. Let a = -163 + j. Is a a composite number?
True
Suppose 7*f - 27*f + 266540 = 0. Is f prime?
True
Let j = 1141 + 1345. Suppose -i - q + 126 = -2366, q = i - j. Is i a prime numbe